s the tens digit of 5676?
7
What is the units digit of 13366?
6
What is the tens digit of 2390?
9
What is the hundreds digit of 2793?
7
What is the units digit of 10286?
6
What is the hundred thousands digit of 100207?
1
What is the tens digit of 2109?
0
What is the units digit of 6449?
9
What is the thousands digit of 12125?
2
What is the units digit of 1236?
6
What is the ten thousands digit of 153227?
5
What is the thousands digit of 1838?
1
What is the hundreds digit of 6206?
2
What is the thousands digit of 4221?
4
What is the ten thousands digit of 47498?
4
What is the hundreds digit of 3820?
8
What is the thousands digit of 27646?
7
What is the hundreds digit of 2572?
5
What is the thousands digit of 4361?
4
What is the tens digit of 11294?
9
What is the hundred thousands digit of 114004?
1
What is the thousands digit of 2655?
2
What is the thousands digit of 38315?
8
What is the thousands digit of 6304?
6
What is the thousands digit of 43536?
3
What is the units digit of 3011?
1
What is the tens digit of 115602?
0
What is the thousands digit of 1945?
1
What is the hundreds digit of 6737?
7
What is the units digit of 1106?
6
What is the thousands digit of 4629?
4
What is the units digit of 6761?
1
What is the units digit of 2251?
1
What is the tens digit of 2112?
1
What is the ten thousands digit of 39517?
3
What is the hundred thousands digit of 106040?
1
What is the units digit of 5456?
6
What is the tens digit of 89290?
9
What is the ten thousands digit of 139189?
3
What is the thousands digit of 138773?
8
What is the hundreds digit of 5845?
8
What is the tens digit of 52276?
7
What is the ten thousands digit of 26090?
2
What is the units digit of 518?
8
What is the hundreds digit of 14146?
1
What is the thousands digit of 5579?
5
What is the units digit of 354?
4
What is the hundreds digit of 34882?
8
What is the thousands digit of 8833?
8
What is the tens digit of 26975?
7
What is the thousands digit of 8444?
8
What is the thousands digit of 2350?
2
What is the hundreds digit of 628?
6
What is the units digit of 7220?
0
What is the units digit of 11190?
0
What is the hundreds digit of 5778?
7
What is the tens digit of 31610?
1
What is the units digit of 166?
6
What is the thousands digit of 2704?
2
What is the units digit of 45707?
7
What is the tens digit of 45958?
5
What is the hundreds digit of 23988?
9
What is the tens digit of 3596?
9
What is the tens digit of 1061?
6
What is the thousands digit of 6664?
6
What is the hundreds digit of 17559?
5
What is the hundreds digit of 1751?
7
What is the tens digit of 3401?
0
What is the hundreds digit of 57113?
1
What is the ten thousands digit of 94544?
9
What is the units digit of 7077?
7
What is the tens digit of 24453?
5
What is the units digit of 19515?
5
What is the units digit of 158265?
5
What is the units digit of 5789?
9
What is the thousands digit of 9024?
9
What is the tens digit of 59286?
8
What is the units digit of 55550?
0
What is the ten thousands digit of 41059?
4
What is the units digit of 2994?
4
What is the hundreds digit of 4906?
9
What is the tens digit of 13580?
8
What is the tens digit of 17103?
0
What is the ten thousands digit of 18138?
1
What is the tens digit of 21671?
7
What is the ten thousands digit of 31893?
3
What is the tens digit of 6122?
2
What is the hundreds digit of 732?
7
What is the tens digit of 23722?
2
What is the ten thousands digit of 12223?
1
What is the hundreds digit of 6073?
0
What is the hundred thousands digit of 118630?
1
What is the tens digit of 13447?
4
What is the units digit of 755?
5
What is the hundreds digit of 720?
7
What is the thousands digit of 1188?
1
What is the thousands digit of 23797?
3
What is the thousands digit of 6072?
6
What is the units digit of 782?
2
What is the units digit of 6777?
7
What is the units digit of 46512?
2
What is the units digit of 66869?
9
What is the hundreds digit of 795?
7
What is the tens digit of 680?
8
What is the units digit of 157947?
7
What is the units digit of 204?
4
What is the hundreds digit of 349?
3
What is the tens digit of 1792?
9
What is the tens digit of 568?
6
What is the units digit of 5735?
5
What is the hundreds digit of 2451?
4
What is the tens digit of 1843?
4
What is the tens digit of 66335?
3
What is the hundreds digit of 2499?
4
What is the units digit of 607?
7
What is the units digit of 5568?
8
What is the tens digit of 4346?
4
What is the thousands digit of 7009?
7
What is the tens digit of 8877?
7
What is the ten thousands digit of 23169?
2
What is the units digit of 5971?
1
What is the units digit of 13495?
5
What is the ten thousands digit of 55856?
5
What is the tens digit of 3495?
9
What is the hundreds digit of 3116?
1
What is the thousands digit of 1004?
1
What is the thousands digit of 10208?
0
What is the thousands digit of 33299?
3
What is the hundreds digit of 2845?
8
What is the ten thousands digit of 19073?
1
What is the tens digit of 3455?
5
What is the thousands digit of 12506?
2
What is the ten thousands digit of 54260?
5
What is the tens digit of 784?
8
What is the tens digit of 7439?
3
What is the tens digit of 28026?
2
What is the tens digit of 1114?
1
What is the thousands digit of 1455?
1
What is the thousands digit of 4173?
4
What is the units digit of 19438?
8
What is the thousands digit of 38275?
8
What is the thousands digit of 1885?
1
What is the hundreds digit of 326?
3
What is the tens digit of 8778?
7
What is the hundreds digit of 3922?
9
What is the ten thousands digit of 42725?
4
What is the tens digit of 17817?
1
What is the hundreds digit of 13025?
0
What is the ten thousands digit of 10966?
1
What is the tens digit of 8693?
9
What is the units digit of 5?
5
What is the tens digit of 1294?
9
What is the units digit of 7417?
7
What is the hundreds digit of 515?
5
What is the hundreds digit of 1175?
1
What is the thousands digit of 1220?
1
What is the hundreds digit of 22584?
5
What is the units digit of 730?
0
What is the thousands digit of 6756?
6
What is the hundreds digit of 646?
6
What is the thousands digit of 67896?
7
What is the thousands digit of 2908?
2
What is the thousands digit of 1186?
1
What is the tens digit of 4312?
1
What is the tens digit of 1137?
3
What is the units digit of 12554?
4
What is the hundreds digit of 3541?
5
What is the units digit of 2808?
8
What is the tens digit of 5107?
0
What is the thousands digit of 35970?
5
What is the thousands digit of 77688?
7
What is the hundreds digit of 5032?
0
What is the units digit of 702?
2
What is the units digit of 1660?
0
What is the thousands digit of 2680?
2
What is the units digit of 1513?
3
What is the ten thousands digit of 35111?
3
What is the tens digit of 562?
6
What is the thousands digit of 2010?
2
What is the thousands digit of 3095?
3
What is the thousands digit of 1053?
1
What is the thousands digit of 3714?
3
What is the units digit of 24258?
8
What is the tens digit of 1513?
1
What is the hundreds digit of 4514?
5
What is the hundreds digit of 10911?
9
What is the hundreds digit of 328?
3
What is the tens digit of 628?
2
What is the thousands digit of 63688?
3
What is the units digit of 329?
9
What is the units digit of 2733?
3
What is the ten thousands digit of 21823?
2
What is the units digit of 893?
3
What is the units digit of 24615?
5
What is the thousands digit of 2861?
2
What is the thousands digit of 3825?
3
What is the hundreds digit of 627?
6
What is the units digit of 13102?
2
What is the thousands digit of 1422?
1
What is the units digit of 77672?
2
What is the thousands digit of 4731?
4
What is the ten thousands digit of 39556?
3
What is the hundreds digit of 8974?
9
What is the units digit of 29833?
3
What is the hundreds digit of 24533?
5
What is the tens digit of 1530?
3
What is the tens digit of 109664?
6
What is the tens digit of 740?
4
What is the hundreds digit of 847?
8
What is the hundreds digit of 3166?
1
What is the thousands digit of 27210?
7
What is the thousands digit of 67170?
7
What is the units digit of 7102?
2
What is the thousands digit of 7920?
7
What is the hundreds digit of 12298?
2
What is the hundreds digit of 1844?
8
What is the ten thousands digit of 10917?
1
What is the hundreds digit of 6002?
0
What is 